t is the units digit of b(j)?
0
Suppose -3*p + 9*p - 102 = 0. What is the tens digit of p?
1
Let h(b) = -b**3 + 3*b**2 + 6*b - 3. Let m be h(4). Suppose 0 = -s + 2*s - 4. Suppose s = -k + m*k. What is the units digit of k?
1
Suppose 0 = 4*l + j - 66, 9 = l + j - 6. What is the units digit of l?
7
Suppose 0 = -23*t + 24*t - 27. What is the tens digit of t?
2
Let l(d) = d**3 + 37. Let u be l(0). Let h(k) = 25*k**3 + k**2 - 1. Let a be h(-1). Let z = u + a. What is the units digit of z?
2
Let m(y) be the first derivative of -y**5/20 + y**4/4 - y**2/2 - y - 1. Let c(x) be the first derivative of m(x). What is the units digit of c(2)?
3
Suppose -150 = -v - 4*w, 0 = -5*v + w + 2*w + 704. What is the units digit of v?
2
Let x = 53 - 6. Suppose -m = 0, -2*m + x + 48 = 5*s. What is the units digit of s?
9
Let p = -210 - -535. What is the tens digit of p?
2
Suppose 4*k - 4*w + 9*w - 8 = 0, -8 = -4*k - 4*w. What is the units digit of (4/6)/(k/27)?
9
Let f(r) = -r**3 - 7*r**2 - 9*r - 7. Let g be (-176)/28 - 2/(-7). What is the units digit of f(g)?
1
Let p = 324 - 147. What is the units digit of p?
7
Let d(s) = 20*s - 11. What is the hundreds digit of d(10)?
1
Suppose 11*k + 20 = 12*k. What is the units digit of k?
0
Let c = -1 - -8. Suppose 0 = 2*d - c*d + 2*p + 33, -4*d - 4*p = -32. What is the units digit of d?
7
Suppose -24*t + 19*t + 500 = 0. What is the tens digit of t?
0
Suppose -5*x + 4*b - 5 + 39 = 0, -b = 1. Suppose 3*k + 3 = -x. What is the tens digit of (-47)/k - 4/(-12)?
1
Let v be (-2)/(-3) - (-156)/9. Let a = -14 + 20. Suppose v = 2*c - 2*o, -o - a = -2. What is the units digit of c?
5
Suppose 0*h + 18 = 2*h - 5*t, 0 = 5*h + t - 99. What is the tens digit of h?
1
Let g(r) = -2*r - 1. Let p be g(1). What is the tens digit of p/((-9)/(-6)) - -21?
1
Let h = 106 - 48. What is the tens digit of h?
5
Suppose 0*r - 3*r = -102. What is the units digit of r?
4
What is the units digit of (-5)/((-15)/(-181))*6/(-1)?
2
Suppose 0 = -2*c - 0*c. Suppose -22 = 4*k - 5*k - 5*h, c = k + 3*h - 14. Suppose 0*i = -k*i + 14. What is the units digit of i?
7
Suppose -3*u = -8*u. Suppose 2*q = 2*k + 24 + 18, 5*q + 3*k - 129 = u. Suppose -2*w = 2*p - q, 5*w - 39 = -4*p + 4*w. What is the units digit of p?
9
What is the tens digit of 3/(1*(-3)/(-22))?
2
Let y = 116 + -28. Suppose 3*v = o + 41, -4*v + 3*o - 25 + y = 0. What is the tens digit of v?
1
Let r(o) = 2919 + 2*o**2 - 2919 - 4*o. Suppose 6*d + 3*z = d + 29, -2*z + 6 = 0. What is the units digit of r(d)?
6
Let a = -560 + 875. What is the units digit of a?
5
Suppose -4*u = -4*v + 1200, -3*v - 5*u = -2*v - 312. What is the hundreds digit of v?
3
Let w be (-7)/4*60/(-5). Let v = 29 - w. What is the units digit of v?
8
Let k = -132 - -192. What is the tens digit of ((-6)/(-18))/(2/k)?
1
Let n(k) = 2*k**2 - 3 - k**2 + 3 + 15 + 2*k. What is the tens digit of n(0)?
1
Let q(v) = 8*v**2 - 25*v + 3. What is the hundreds digit of q(6)?
1
Let f = -8 - 6. Let r = 20 + f. Suppose -11*h + 40 = -r*h. What is the units digit of h?
8
Let h(r) = 2*r**3 - 2*r**2 - 15*r + 7. What is the tens digit of h(5)?
3
Suppose 154 = o - 45. What is the hundreds digit of o?
1
Let b = 6 - 8. Let l be (-25)/(-2) + 1/b. What is the units digit of ((-7)/(-3))/(4/l)?
7
Suppose 0 = -2*c - 2*k + 25 - 5, 95 = 5*c - 4*k. Suppose c = j + 2*d, 0 = -j + 2*d + 15. What is the tens digit of j?
1
Let t be (-45)/3*1/(-3). Suppose 5*q - 26 = -y + 25, 3*y = t*q - 47. What is the units digit of q?
0
Suppose 2*k - 4*k = 2*b - 12, 5*b + 10 = 5*k. What is the units digit of b?
2
Let u be ((-8)/(-3))/4*6. Suppose m = -u*b + 17, 3*b + 0*b - 29 = -4*m. Suppose -b = -p - 1. What is the units digit of p?
2
What is the units digit of 68 + (6 - (-1 - -4))?
1
Let h(l) = -2*l - 2. Let m be h(-2). What is the units digit of (9/m)/((-7)/(-14))?
9
Let n(b) = b**3 - 3*b**2 - 5*b + 6. Let q be n(4). Suppose q*p - 210 = -5*f - p, 4*p - 42 = -f. What is the units digit of f?
2
Let d(l) = -l**3 - 6*l**2 + 11*l - 7. What is the units digit of d(-8)?
3
Suppose 4*z + 5*w + 24 = 0, 2*z + 7*w - 3*w = -18. Let j = z - -2. What is the units digit of j?
1
Suppose 0 = -4*d + d + 99. What is the units digit of d?
3
Let z(r) be the third derivative of r**4/12 + r**3/3 - r**2. Suppose 0 = 2*d + d - 6. What is the units digit of z(d)?
6
Let p(s) = s + 2. Let f be p(-4). What is the tens digit of 28 - ((-6)/f - 3)?
2
Suppose 43 = 4*w - 4*f - f, -5*f - 9 = -2*w. What is the units digit of w?
7
Let u = -18 - -32. What is the units digit of u?
4
Let c = 1 + 3. Suppose 63 = c*u - u. What is the units digit of u?
1
Let k(w) = -6 - 2*w**2 - 3*w - 3 + 3*w**2. What is the units digit of k(7)?
9
Suppose 7*c - 4*c - 2*u = 10, 4*c - 14 = 2*u. Suppose -c*k - 31 = 25. What is the units digit of 160/28 - 4/k?
6
Suppose -98 - 26 = -m. What is the hundreds digit of m?
1
Let w = -13 - -8. What is the units digit of (w + -1)*(-8)/12?
4
Suppose 2*s - 177 = -s. Suppose -2*v + 7*v - s = -3*r, -r = 5*v - 63. What is the tens digit of v?
1
Let l = -52 - 230. Let i be 2/(-9) - l/54. Let r = i - 1. What is the units digit of r?
4
Suppose 5*a = 2*a + 4*w + 856, 0 = -4*a - w + 1135. What is the units digit of a?
4
Suppose 3*u = 6 + 3. Suppose 3*f = 2*a - 9, -9 = -u*a + 3*f - 0*f. What is the units digit of -2 + 1 + 3 - a?
2
Suppose 4*d + 4*c = 33 + 595, -4*d + 637 = c. What is the hundreds digit of d?
1
Suppose 4*a = -3*h + 33 + 14, -18 = -h + a. Suppose -7 + h = b. Suppose 0 = -2*z - 0*z + b. What is the units digit of z?
5
Let c(a) = -10*a**2 + a. Let i be c(-1). Let p(o) = -2*o - 10. What is the tens digit of p(i)?
1
Let i(y) = 4*y**2 - 2*y - 5. Let d(o) = 2*o**2 - o - 3. Let h(f) = -5*d(f) + 3*i(f). Suppose -4*p + 8 = 0, 2*p = 4*r + 5*p + 2. What is the units digit of h(r)?
0
Suppose -4*h + 57 = 5*p, -3*h + 3*p + 8 + 1 = 0. What is the units digit of h?
8
Let i(a) = 12*a - 2. What is the tens digit of i(4)?
4
Suppose x = 3*h - 1 - 0, 0 = 4*h - x - 2. Suppose 5 = c + h. What is the units digit of c?
4
Let j = 20 + 5. Suppose 0 = -k - k - 5*t - 26, 3*k - 5*t + 39 = 0. Let h = j + k. What is the tens digit of h?
1
Let p = 29 + -8. What is the units digit of p?
1
What is the units digit of -3*(4/(-6))/2?
1
Let i = 16 - 2. Let m be (6/5)/(i/35). Suppose 4*s + m*q + q = 32, -5*q + 5 = 0. What is the units digit of s?
7
Let k(d) = -2*d + 7. Let h be k(6). Let u = h - -3. What is the units digit of -2 + (1 - u) + 4?
5
Suppose 4*q - 2*j - 2*j = 92, 2*q + 5*j = 53. What is the units digit of q?
4
Suppose -2 = 2*b - b. Let a be (-1)/1*1*b. Suppose 4*c - a = 2. What is the units digit of c?
1
Suppose 0*n + 46 = n. Suppose 7*v = -z + 4*v + n, -2*z = 4*v - 92. Suppose -4*r - 2*l + z = 0, 2*r = -3*l + 19 + 14. What is the units digit of r?
9
Suppose -q + 4*y + 49 + 30 = 0, 0 = -2*q + 4*y + 154. Suppose -9*a + q = -4*a. What is the tens digit of a?
1
What is the units digit of -39*((-2)/3)/1?
6
Suppose -4*m - 604 = -2*s, -4*s = -4*m + 20 - 1240. What is the tens digit of s?
0
Let u = 2327 + -1415. What is the units digit of u/27 + (-4)/(-18)?
4
Suppose -4*f = -20, 3*c - 84 + 12 = -3*f. What is the tens digit of c?
1
Let b be 57/11 - 4/22. Suppose 5*f = -0 + b. What is the units digit of f?
1
Suppose -4*r + 58 = -2*r. What is the tens digit of r?
2
Suppose d - 8 = 3*q, 5*d + 6*q = q + 140. Let a = 42 - d. What is the units digit of a?
9
Let s be 0 + 1*4/2. Let v be s/(((-5)/(-2))/5). Suppose 17 = 3*w - v. What is the units digit of w?
7
Let p(l) = 26*l - 15. What is the units digit of p(6)?
1
Let y = -2 + 3. Let r be (1*5/1)/y. Suppose r*m = -0*m + 40. What is the units digit of m?
8
Let i = 11 - 2. Let l = i - 6. What is the units digit of (13 - l)*2/4?
5
What is the hundreds digit of (48/(-20))/(-3 - 598/(-200))?
2
Let i(z) = z + 9. Let d be i(-7). Suppose -3*n = d*n - 15. Suppose -5*v + 4 = 2*u - 5, 4*u - n = 5*v. What is the units digit of u?
2
Let u be (-1)/((-26)/(-14) + -2). Let o = u - 4. Suppose 10 = -r - o*q - 0, -r + 3*q + 14 = 0. What is the units digit of r?
2
Suppose 3*w = -w + 204. Suppose -9 = 4*m + w. Let d = m - -29. What is the tens digit of d?
1
Suppose 2*q + 0*q = 6. Suppose 2*z - 2*a - 15 = -q*a, 3*z - 15 = -3*a. What is the tens digit of z?
1
Suppose -3*i + 18 = 5*s + 53, 5*i + 13 = 3*s. Let a = i - -19. Wha